 - 28 - 14/3*n**3. List the prime factors of z(-16).
229
Let l be 529392/96 + (-2)/8*-2. Suppose -3*r - 2*r + l = 5*q, 0 = 3*q + 2*r - 3309. What are the prime factors of q?
1103
Let m = -27 + 29. Suppose o - k = 1, o + m*k + 5 = 4*o. Suppose -o*b = 2*b - 100. What are the prime factors of b?
2, 5
Let b be -2356*((-55)/(-20) - 1). Let h be b/(-19) - (-3)/(-1). Suppose 0 = -4*w + 3*k + h, -3*w = -w + 3*k - 98. What are the prime factors of w?
2, 13
List the prime factors of 319160/48*-4*((-147)/35 - -3).
2, 79, 101
Let r = -2246 + 11899. What are the prime factors of r?
7, 197
Let k(b) = -b**3 + 39*b**2 - 33*b - 139. List the prime factors of k(36).
13, 197
Suppose 0 = 5*q - 3*y - 67077, 5*y = 62 - 82. What are the prime factors of q?
3, 17, 263
Let r = -1876 + 6268. What are the prime factors of r?
2, 3, 61
Let c(w) = 86*w**2 - 1550*w - 31. What are the prime factors of c(27)?
13, 1601
Suppose 33*m + 47*m - 2381440 = 0. What are the prime factors of m?
2, 61
Let k = -115 + 109. Let b be (-2)/3*(-81)/k + -1. What are the prime factors of ((-1)/(-2))/(b/(-3340))?
167
Suppose -264 = -3*h + 5*p, -4*h + 444 - 92 = -2*p. Suppose 0 = h*a - 87*a + 9. What are the prime factors of (-1437)/(-9) + (12/a)/(-4)?
2, 5
Suppose -r - 313681 = -35*t + 31*t, -t + 78434 = -3*r. What are the prime factors of t?
11, 7129
Suppose -97*r = -192*r + 102*r - 14392. What are the prime factors of r?
2, 257
Suppose -13*l - 2 = -11*l, -4*h - 2*l + 10 = 0. Let w be (-10 - 0)*(-11)/22. Suppose -z = t - 215, -h*z = -w*t + z + 1030. What are the prime factors of t?
2, 3, 5, 7
Let v be 1656 - ((-2)/(-10) - 168/40). What are the prime factors of (v/6)/2*6?
2, 5, 83
Let b(g) = -g**3 + 5*g**2 + 5*g + 2. Let y be b(6). Let u(q) be the first derivative of -9*q**2 + 5*q - 395. List the prime factors of u(y).
7, 11
What are the prime factors of ((-1)/3 - 1)/((-780766)/(-260274) + -3)?
6197
Suppose 5*f = -2*m - 90 + 784, -2*m + 694 = -4*f. Suppose -m = -3*h + 2*t + 292, -h + 214 = -t. List the prime factors of h.
211
Let q(j) = -69*j**3 - 65*j**2 - 314*j + 3. List the prime factors of q(-6).
3, 4817
Let z(t) be the second derivative of t**4/4 + 17*t**3/6 + 25*t**2/2 + 35*t. List the prime factors of z(-13).
311
Suppose -47434 = 57*t - 208174. List the prime factors of t.
2, 3, 5, 47
List the prime factors of (61600/(-1155))/((-2)/597).
2, 5, 199
Suppose 4084 = -68*y + 441800. List the prime factors of y.
41, 157
Let z = -5093 - -5450. What are the prime factors of z?
3, 7, 17
Suppose 9372 = b - 5*l, -2*b + 182*l + 18711 = 183*l. List the prime factors of b.
3, 3119
Let q be (-52)/6 - 1*22/(-33). Let n(z) = -54*z + 25. List the prime factors of n(q).
457
Suppose 0 = 4*i + 3*f - 30, 4 = -5*f - 6. Let j(m) = m**3 + 2*m - 9*m**2 + 0*m + 529 - 520 + 7*m. List the prime factors of j(i).
2, 3, 5
Suppose -3*q + 995 - 1007 = 0, -5*h + 2*q = -136253. What are the prime factors of h?
3, 31, 293
Suppose 5*y = 19*y - 154. Let i(n) = 4*n**2 + y - 14*n + 41 + 3. List the prime factors of i(6).
5, 23
Suppose -4*l - n - 20 = -2*n, -3*l + 2*n = 15. Let p = 9 + l. Suppose r = -p*r + 220. What are the prime factors of r?
2, 11
Let u = -229 + 228. List the prime factors of ((-128)/(-24))/(4/3 + u).
2
Let y(q) = -q**3 + 14*q**2 + 5*q - 37. Let k be y(8). Suppose 4313 = 5*j - 4*u, -j - 2*u + 470 = -k. List the prime factors of j.
3, 7, 41
Suppose -5*n = -3*a - 46, -2*n + n + 10 = -a. List the prime factors of 7 + 905/4 + (-2)/n.
233
Suppose -5*r + 166 = -n, -4*r + 4*n = 7*n - 148. Let w be -6 - -7 - (-1 - (1 - 15)). What are the prime factors of (-2 + r*-7)/(w/8)?
2, 5
Suppose 22723 + 2909 = 6*a. Suppose -a - 3330 = -14*f. What are the prime factors of f?
3, 181
Suppose -5*a + 15 = 0, 3*p + a - 6*a + 18 = 0. What are the prime factors of p*(-4)/(-8)*-84?
2, 3, 7
Suppose 0 = 6*h - 20 - 4. Suppose 13 = 3*z + h. Let s(o) = 2*o**3 - 3*o + 18. What are the prime factors of s(z)?
3, 7
Let x(f) = 365*f + 801. What are the prime factors of x(2)?
1531
Let f(o) = -81*o + 2748. List the prime factors of f(-25).
3, 37, 43
Let f = 2688 + 4535. List the prime factors of f.
31, 233
Let f(j) = -777*j - 239. What are the prime factors of f(-10)?
17, 443
Suppose 11 = -o + 5*w, w - 4 = -4*o + 15. Suppose m - 1 = -4*v + o, 3*v = 0. Suppose 10*a - m*a = 1360. List the prime factors of a.
2, 17
Let d be (42/8)/((-6)/(-5296)). Suppose d + 3526 = 20*x. List the prime factors of x.
2, 3, 17
Let r(z) = z**3 - 12*z**2 + 10*z + 21. Let u be r(13). Let o = u + 509. List the prime factors of o.
829
Suppose -177*f - 48894 + 4081485 = 0. What are the prime factors of f?
22783
Let l(f) = 36*f**2 + 30*f**2 + 16 - 96*f**2 - 14 - 2*f + 32*f**2. Let n(c) = -3*c**2 - 2*c + 1. Let m be n(-2). What are the prime factors of l(m)?
2, 3, 19
Let g(b) = 17*b**2 + 45*b + 58*b + b**3 + 50*b - 215*b + 13. What are the prime factors of g(-17)?
11, 97
Let i be 2*(-1)/(-8) + (-5610)/(-408). Suppose -25*a = -i*a - 3949. What are the prime factors of a?
359
Let y(a) = -5538*a - 518. List the prime factors of y(-4).
2, 29, 373
Let c(m) = 2*m**2 - 3*m + 2. Let q be c(2). Let j = 3864 - 3860. Suppose 2*n = -j*k + 333 + 591, -926 = -q*k - n. What are the prime factors of k?
2, 29
Suppose 1791 = 2*d - 5*k, 13*d - 2744 = 10*d - 4*k. What are the prime factors of d?
2, 227
Suppose -88*o + 26*o + 870275 = -27*o. What are the prime factors of o?
5, 4973
Suppose -3*i + 5*a - 11 = 0, -3*i + 3*a - 9 = -0*a. Let o be (1/(-4) + -2)/(i/(-120)). Let c = 219 + o. List the prime factors of c.
2, 3, 7
Let v(h) = -h**2 + 13*h + 15. Let s be v(13). List the prime factors of (s + -12)*(-284)/(-3).
2, 71
Let v(j) = 20*j - 1481. Let r be v(74). Let a(c) = c**3 + 2*c + 1. Let d be a(-2). List the prime factors of 2/d*r - (-2196)/22.
2, 5
Let w = -5425 - -8621. Let v = 4555 - w. What are the prime factors of v?
3, 151
Let y(f) = 5*f**2 + 9*f - 10. Let i be y(1). Suppose 1433 = i*w - 371. What are the prime factors of w?
11, 41
Let k(d) = -d**3 + 28*d**2 + 91*d - 16. What are the prime factors of k(26)?
2, 3, 617
Suppose -6*l = -3*u - 4*l + 42, -3*u + 5*l = -42. Suppose u*p - 7907 - 199 = 0. What are the prime factors of p?
3, 193
Let a = 19901 - -14427. What are the prime factors of a?
2, 7, 613
Suppose 0 = 10*m - 30 + 20. What are the prime factors of m/20*-5 + (-690)/(-8)?
2, 43
Let b be 6/(-18) + (212/3)/(-4). Let y = b + 17. Let h = y - -3. What are the prime factors of h?
2
Suppose 6*o + 0*o - 7338 = 0. Suppose 17*h = 12*h + 4*w + o, 3*w = 9. What are the prime factors of h?
13, 19
Let r(l) = l**3 + 10*l - 8. Let o be r(7). Suppose -5*s - 5*b = -o, 66 = s - b - 25. Let j = s + -77. List the prime factors of j.
3
Let b be (-4 + 2 + 1/(-2))*-4. List the prime factors of 10/b*(104*3 - 2).
2, 5, 31
Suppose 50*x - 2411826 = -21*x - 477644. What are the prime factors of x?
2, 53, 257
Let q(g) = -g**3 + 7*g**2 - 4*g - 9. Let a be q(6). Suppose -5 = 5*v + 5, -3*x + 3 = a*v. Suppose 1449 = x*b + 4*b. What are the prime factors of b?
3, 23
Suppose 72*f - 275485 - 138299 = 0. What are the prime factors of f?
7, 821
Suppose -w = -6 - 6. Let v = 448 - 436. List the prime factors of ((-556)/w)/((-4)/v).
139
Let u = 94 + -60. Suppose -5*a - u - 37 = -3*c, -2*c = 3*a - 60. What are the prime factors of c?
3
Let m = 30 - -5. Suppose -30*w = -m*w. Suppose -5*l - 2*u = -269, w*l + l = 4*u + 67. List the prime factors of l.
5, 11
Let p be (-8)/10 - 1644/(-30). List the prime factors of 150 - 0 - p/27.
2, 37
Suppose 69 = 5*s - 11. Suppose 4268 = -s*h + 27*h. What are the prime factors of h?
2, 97
Suppose 0 = -w + 2*w - 9. Suppose 0 = -8*s + w*s + 58. Let m = 85 + s. List the prime factors of m.
3
Suppose -7*q = -12*q - r + 15385, -3*r + 12319 = 4*q. Suppose 11*m - 3051 = q. What are the prime factors of m?
557
Let y = 13248 - 3762. List the prime factors of y.
2, 3, 17, 31
Suppose 5*t - 227139 = o, -2*t - 2*o + 90838 = 2*o. What are the prime factors of t?
45427
Suppose -35210 = -28*r + 46*r - 28*r. List the prime factors of r.
7, 503
Suppose 2 = 2*m + 4*a - 20, 4*a = 4*m - 8. Suppose 0*d + m*c = -4*d + 3574, 0 = 2*c + 4. List the prime factors of d.
2, 7
Suppose 3*s = 2*b + 6877, 0 = -s + 288*b - 287*b + 2291. What are the prime factors of s?
3, 5, 17
Let r = 437 + 19. Let k be (-3)/(1 - (-35)/(-